p**2 + 98*p - 490. Calculate r(-6).
-142
Let h(g) = -24514*g + 11399001. Determine h(465).
-9
Let d(o) = -40*o**3 - 2*o**2 + 39*o - 39. Determine d(1).
-42
Let m(u) = 4*u**2 - 7312*u + 1896775. Calculate m(1515).
-5
Let r(x) = 17*x**2 - 209*x + 99. Calculate r(12).
39
Let l(j) = 3*j**2 + 29*j - 256. Calculate l(7).
94
Let k(u) = -u**3 + 6*u**2 - 1524*u + 9097. Calculate k(6).
-47
Let v(w) = -w**3 + 9*w**2 - 102*w + 936. Give v(9).
18
Let a(x) = -9256*x + 166749. Give a(18).
141
Let d(c) = 85358*c - 3243620. Calculate d(38).
-16
Let n(l) = -1031*l + 1239. Calculate n(2).
-823
Let c(x) = 40*x**2 + 2115*x - 70302. Determine c(-76).
-2
Let z(k) = -16700*k - 651446. Determine z(-39).
-146
Let b(x) = 53235*x - 798534. What is b(15)?
-9
Let q(a) = 373*a - 41297. Calculate q(94).
-6235
Let k(t) = -66*t**3 + 4854*t**2 - 4845*t - 8. What is k(1)?
-65
Let u(m) = -5*m**3 + 574*m**2 + 2160*m - 32079. What is u(118)?
17
Let j(f) = 57*f - 3200. Give j(60).
220
Let k(t) = -2*t**3 + 48*t**2 - 246*t + 7. Determine k(16).
167
Let s(u) = 14082*u + 4252763. Give s(-302).
-1
Let t(l) = -7*l**3 - 49*l**2 + 257*l + 1641. Give t(-8).
33
Let y(l) = -l**3 - 105*l**2 - 1041*l + 6642. Calculate y(-93).
-333
Let z(k) = 11050*k - 265195. Give z(24).
5
Let g(s) = -s**3 - 12*s**2 + 25*s + 252. Determine g(-13).
96
Let y(n) = -597*n + 51346. Determine y(86).
4
Let r(j) = -j**3 + 20*j**2 + 363*j - 279. What is r(32)?
-951
Let z(q) = q**3 + 495*q**2 + 1965*q + 513. Calculate z(-491).
22
Let m(h) = -h**3 + 23*h**2 + 139*h - 363. Determine m(2).
-1
Let d(g) = 2*g**3 - 565*g**2 + 835*g + 2228. Calculate d(281).
-20
Let f(q) = q**3 - 342*q**2 + 3971*q - 3672. Determine f(330).
-42
Let p(q) = -5691*q - 69826. Determine p(-12).
-1534
Let y(r) = 7*r**3 + 716*r**2 - 1977*r + 1891. Give y(-105).
1
Let c(l) = -l**2 - 112*l - 1807. Give c(-93).
-40
Let f(s) = 5*s**2 - 57*s - 736. What is f(-10)?
334
Let y(w) = 7865*w + 31390. Determine y(-4).
-70
Let b(a) = a**3 + 32*a**2 + 1468*a + 42245. Determine b(-30).
5
Let f(v) = -3*v**3 + 324*v**2 + 650*v + 399. Determine f(110).
-701
Let f(u) = -2*u**3 - 23*u**2 - 53*u - 49. Give f(-14).
1673
Let q(u) = u**3 + 21*u**2 - 111*u - 122. What is q(-25)?
153
Let u(v) = -v**3 + 127*v**2 - 136*v + 1298. Determine u(126).
38
Let l(o) = -o**2 + 1331*o + 24233. Give l(-18).
-49
Let r(z) = -z**2 - 49*z + 1143. Calculate r(16).
103
Let x(r) = r**2 - 2581*r - 473454. Calculate x(-172).
62
Let r(o) = 1798*o - 774922. Calculate r(431).
16
Let j(n) = 60*n**2 + 44*n - 14. Determine j(-2).
138
Let t(b) = 3*b**3 - 51*b**2 - 247*b + 55. What is t(-5)?
-360
Let d(n) = -15*n**2 + 4223*n - 4226. Determine d(1).
-18
Let q(l) = l**3 - 19*l**2 - 2082*l + 9. Calculate q(0).
9
Let x(l) = -2*l**2 - 36*l + 374. Give x(-36).
-922
Let i(u) = -611*u - 3387. Give i(-9).
2112
Let v(p) = -p**3 - 36*p**2 - 1411*p - 56517. Calculate v(-38).
-11
Let y(p) = -61939*p + 2725316. Give y(44).
0
Let q(a) = -a**2 - 1349*a - 108556. Calculate q(-86).
62
Let w(r) = 3772*r - 1003335. Give w(266).
17
Let n(u) = 14*u**3 - 113*u**2 + 15*u - 49. Calculate n(8).
7
Let t(k) = -k**2 + 4102*k - 1038211. Give t(271).
-10
Let m(n) = -1123*n + 582010. Give m(518).
296
Let n(f) = 7*f**2 + 604*f + 257. Calculate n(-87).
692
Let r(l) = -5*l**2 + 979*l + 1997. What is r(198)?
-181
Let w(p) = -p**2 + 37*p + 3951. Give w(-47).
3
Let q(x) = -6*x**2 + 29*x + 204. Determine q(-4).
-8
Let n(m) = 12*m**2 + 2334*m + 1120. Determine n(-194).
-44
Let f(v) = -463*v + 55061. Give f(119).
-36
Let s(j) = j**2 + 99780*j + 1695966. What is s(-17)?
-5
Let v(a) = 9455*a + 680775. Determine v(-72).
15
Let u(r) = 14234*r + 1736570. Calculate u(-122).
22
Let c(w) = -52*w**2 - 802*w - 40. Give c(-14).
996
Let z(h) = h**2 + 5865*h - 23479. Determine z(4).
-3
Let q(j) = j**3 - 46*j**2 - 372*j - 39. Calculate q(-6).
321
Let z(a) = a**2 + 436*a - 69440. Give z(-560).
0
Let m(k) = 11858*k + 1897283. What is m(-160)?
3
Let z(l) = 71*l**2 + 952*l + 35. What is z(-14)?
623
Let a(i) = -12*i**3 - 145*i**2 + 139*i + 1838. Give a(-12).
26
Let d(z) = 31*z**2 - 446*z + 1204. Calculate d(11).
49
Let w(h) = -7*h**3 + 222*h**2 + 805*h + 83. Give w(35).
83
Let m(f) = -81532*f + 81300. Calculate m(1).
-232
Let i(x) = x**2 - 654*x + 3239. What is i(5)?
-6
Let u(s) = s**3 - 211*s**2 + 9644*s + 815. Give u(144).
239
Let a(t) = 35232*t + 211307. Determine a(-6).
-85
Let q(n) = -7*n**2 + 127*n - 44. Determine q(0).
-44
Let a(r) = -29*r**3 - 3*r**2 + 6*r + 9. Determine a(-4).
1793
Let l(x) = x**3 - 88*x**2 + 1098*x - 1819. Give l(73).
-1600
Let d(b) = -75979*b + 151969. Determine d(2).
11
Let x(i) = 337*i + 5849. Determine x(-18).
-217
Let q(s) = -2*s**2 - 1115*s + 39313. Give q(34).
-909
Let o(y) = -y**3 - 44*y**2 + 149*y + 471. What is o(-47)?
95
Let w(a) = -214*a + 141564. What is w(661)?
110
Let p(c) = -30938*c + 216310. What is p(7)?
-256
Let h(q) = -645*q + 41650. What is h(63)?
1015
Let r(t) = t**3 + 17*t**2 - 2309*t - 41313. Calculate r(-18).
-75
Let l(z) = 1326*z - 171. Determine l(1).
1155
Let m(b) = -17011*b + 408263. What is m(24)?
-1
Let a(c) = -1168*c + 13181. Determine a(12).
-835
Let b(c) = 106*c**2 - 109*c - 17. Give b(3).
610
Let m(z) = 7*z**2 + 52*z - 84159. Determine m(106).
5
Let b(w) = -w**3 + 57*w**2 - 345*w - 188. Give b(50).
62
Let p(o) = -23*o**2 + 20700*o - 41314. What is p(898)?
-6
Let x(w) = -1231*w + 183272. Calculate x(149).
-147
Let s(c) = -c**2 - 504*c + 50492. Give s(86).
-248
Let h(z) = -148*z**2 + 877*z + 63. Give h(6).
-3
Let h(c) = c**2 + 3675*c - 111159. Give h(30).
-9
Let h(r) = -1702*r - 233170. Give h(-137).
4
Let z(b) = 14942*b + 104928. Give z(-7).
334
Let z(g) = -2486*g - 66961. Calculate z(-27).
161
Let q(z) = 2*z**3 + 9*z**2 + 560*z + 2775. Determine q(-5).
-50
Let v(d) = d**2 - 4162*d + 500715. What is v(124)?
3
Let p(f) = -32*f**2 + 6*f + 647. Give p(5).
-123
Let g(o) = 14*o**2 - 33*o + 64. Calculate g(1).
45
Let z(b) = -2*b**2 + 326*b - 13139. Determine z(90).
1
Let f(w) = -6105*w + 518930. Determine f(85).
5
Let g(j) = -j**3 + 18*j**2 - 6049*j + 53806. Give g(9).
94
Let m(u) = 58*u**2 + 36878*u + 30479. Determine m(-635).
-1
Let g(b) = 2*b**3 + 63*b**2 + 159*b + 7143. What is g(-32)?
1031
Let m(f) = -61*f**3 + 4395*f**2 - 243*f + 1952. Determine m(72).
8
Let r(f) = -f**3 + 156*f**2 + 407*f - 14368. Give r(158).
10
Let t(o) = 2*o**2 + 470*o - 11323. What is t(22)?
-15
Let o(l) = -8*l**2 + 716*l - 10713. Calculate o(19).
3
Let q(b) = 8*b**2 - 1058*b + 986. What is q(131)?
-324
Let y(m) = -13852*m - 290886. Give y(-21).
6
Let h(i) = 2*i**2 - 1228*i - 24053. Calculate h(-19).
1
Let f(h) = 121337*h + 121343. Calculate f(-1).
6
Let t(q) = q**3 - 20*q**2 - 201*q + 3558. Give t(12).
-6
Let j(r) = -r**3 - 97*r**2 - 413*r - 3659. Give j(-93).
154
Let a(k) = -k**3 - 27*k**2 - 641*k - 21904. What is a(-30)?
26
Let w(i) = 68*i**2 - 352*i + 289. Determine w(1).
5
Let a(o) = 1794351*o + 12560455. What is a(-7)?
-2
Let c(b) = 175*b**2 + 185024*b + 51793. Calculate c(-1057).
0
Let w(o) = 45*o**2 + 415*o + 21. Determine w(-9).
-69
Let q(b) = -338*b - 1210. Give q(-4).
142
Let x(o) = -o**3 - 30*o**2 - 4937*o - 24061. Determine x(-5).
-1
Let b(v) = -63036*v - 1575890. Determine b(-25).
10
Let u(m) = 10*m**3 + 13*m**2 - 3421*m - 20755. Calculate u(-6).
-1921
Let j(n) = -54*n**2 + 1017*n + 13. Determine j(14).
3667
Let p(o) = -123*o - 31521. What is p(-250)?
-771
Let a(j) = 4730*j - 37777. What is a(8)?
63
Let f(p) = p**2 - 591*p + 21496. Give f(39).
-32
Let z(j) = -j**3 - 542*j**2 + 377*j - 90145. Calculate z(-543).
-7
Let x(q) = 3*q**3 - 34*q**2 - 10*q - 127. Calculate x(11).
-358
Let k(h) = 14244*h - 3333080. Determine k(234).
16
Let p(r) = 248*r**3 + 2*r**2 + 20*r + 19. What is p(-1)?
-247
Let a(g) = -g**3 + 347*g**2 + 337*g - 10. Determine a(-1).
1
Let v(p) = -2*p**2 - 583*p - 5442. What is v(-282)?
-84
Let k(x) = 4*x**3 - 15*x**2 + 51*x - 84. Calculate k(6).
546
Let i(d) = 11803*d**2 - 47173*d - 45. Calculate i(4).
111
Let i(r) = 3*r**3 + 51*r**2 + 16*r + 461. What is i(-17)?
189
Let f(w) = 7976*w + 486539. Calculate f(-61).
3
Let l(k) = -852*k + 77167. Give l(91).
-365
Let m(j) = j**3 - 1158*j**2 + 34938*j - 43. Calculate m(31).
-12
Let t(f) = 3*f**2 - 1769*f - 70068. What is t(627)?
156
Let d(s) = 8*s**2 + 2415*s - 